167975431.
7, 1549, 107717
What are the prime factors of 101264063?
8597, 11779
What are the prime factors of 38534170?
2, 5, 3853417
List the prime factors of 843980990.
2, 5, 1907, 44257
What are the prime factors of 665150011?
41, 59, 131, 2099
List the prime factors of 869384434.
2, 199, 1193, 1831
List the prime factors of 33184581.
3, 11061527
List the prime factors of 1168188481.
1168188481
List the prime factors of 5459365349.
97, 56282117
What are the prime factors of 2949165436?
2, 7, 8831, 11927
List the prime factors of 618667809.
3, 2269, 90887
What are the prime factors of 7972022946?
2, 3, 1103, 1204597
List the prime factors of 97253590.
2, 5, 7, 19, 83, 881
What are the prime factors of 35197636?
2, 23, 382583
List the prime factors of 9205739.
9205739
List the prime factors of 2968561.
823, 3607
What are the prime factors of 634655191?
37, 17152843
What are the prime factors of 16502505?
3, 5, 1100167
What are the prime factors of 7782854134?
2, 11, 67, 5280091
What are the prime factors of 3139659528?
2, 3, 23, 97, 191, 307
What are the prime factors of 236811419?
13, 29, 211, 229
List the prime factors of 512220487.
19, 73, 369301
List the prime factors of 146479434.
2, 3, 24413239
List the prime factors of 248380768.
2, 19, 139, 2939
List the prime factors of 13602943.
29, 67, 7001
List the prime factors of 963853769.
47, 1091, 18797
List the prime factors of 324866657.
41, 2089, 3793
What are the prime factors of 125723973?
3, 3709, 11299
List the prime factors of 67566810.
2, 3, 5, 29, 37, 2099
What are the prime factors of 86848821?
3, 53, 137, 443
List the prime factors of 4552157168.
2, 13, 21885371
List the prime factors of 2753910993.
3, 641, 1432091
What are the prime factors of 20727780?
2, 3, 5, 345463
What are the prime factors of 716222484?
2, 3, 23, 865003
List the prime factors of 91695120.
2, 3, 5, 11, 47, 739
List the prime factors of 162461251.
162461251
What are the prime factors of 12361659?
3, 4120553
What are the prime factors of 23513884?
2, 73, 80527
List the prime factors of 5515118293.
33211, 166063
List the prime factors of 4022673260.
2, 5, 3691, 54493
What are the prime factors of 103712426?
2, 857, 60509
What are the prime factors of 58860709?
58860709
List the prime factors of 31486164.
2, 3, 2623847
List the prime factors of 609639926.
2, 7, 43545709
List the prime factors of 18035660.
2, 5, 557, 1619
List the prime factors of 2428745933.
31, 1097, 71419
What are the prime factors of 1461211556?
2, 7, 1031, 1033
List the prime factors of 300065471.
103, 2913257
List the prime factors of 68626143.
3, 83, 113, 271
What are the prime factors of 1855401626?
2, 13, 71361601
List the prime factors of 48931340.
2, 5, 2446567
List the prime factors of 1817950740.
2, 3, 5, 71, 587, 727
What are the prime factors of 3953736895?
5, 29, 397, 68683
List the prime factors of 139027159.
71, 1013, 1933
What are the prime factors of 1414977670?
2, 5, 141497767
List the prime factors of 1001388231.
3, 67, 73, 7583
List the prime factors of 13486930.
2, 5, 811, 1663
List the prime factors of 172072137.
3, 137, 418667
List the prime factors of 423638360.
2, 5, 10590959
List the prime factors of 1801176953.
19, 463, 204749
What are the prime factors of 225996940?
2, 5, 13, 66863
What are the prime factors of 2186957497?
53, 41263349
What are the prime factors of 2120127034?
2, 32401, 32717
List the prime factors of 493406581.
37, 547, 24379
What are the prime factors of 8384025728?
2, 13, 17, 19, 821
List the prime factors of 1813064947.
601, 3016747
List the prime factors of 39518403.
3, 89, 283, 523
List the prime factors of 42695410.
2, 5, 37, 257, 449
What are the prime factors of 1273346683?
7, 3712381
What are the prime factors of 40279942?
2, 20139971
List the prime factors of 29602416.
2, 3, 616717
What are the prime factors of 23937383?
29, 28463
What are the prime factors of 6333705410?
2, 5, 149, 4250809
List the prime factors of 2826077196.
2, 3, 235506433
List the prime factors of 14279179.
14279179
List the prime factors of 452236138.
2, 19, 11900951
List the prime factors of 131419359.
3, 661, 22091
What are the prime factors of 1871508928?
2, 29242327
List the prime factors of 332919125.
5, 7, 11, 34589
List the prime factors of 1478410796.
2, 369602699
List the prime factors of 440140515.
3, 5, 227, 129263
What are the prime factors of 6080755?
5, 1216151
List the prime factors of 71241936.
2, 3, 1484207
List the prime factors of 12723756.
2, 3, 1060313
What are the prime factors of 157612318?
2, 101, 293, 2663
What are the prime factors of 3454327432?
2, 283, 1525763
What are the prime factors of 1428422903?
41, 1021, 34123
What are the prime factors of 365918497?
7, 2731, 19141
What are the prime factors of 5669337?
3, 251, 7529
List the prime factors of 51114059.
103, 487, 1019
What are the prime factors of 5928038901?
3, 10513, 62653
List the prime factors of 1248489159.
3, 1249, 333197
What are the prime factors of 60910998?
2, 3, 19, 534307
What are the prime factors of 504372769?
59, 103, 82997
List the prime factors of 344263838.
2, 17, 10125407
List the prime factors of 1223634809.
1223634809
List the prime factors of 37072563.
3, 11, 17, 66083
List the prime factors of 575210985.
3, 5, 109, 351811
What are the prime factors of 619793335?
5, 7, 17708381
What are the prime factors of 1444313726?
2, 23417, 30839
What are the prime factors of 28662802?
2, 7, 61, 33563
List the prime factors of 4986677511.
3, 554075279
What are the prime factors of 67455302?
2, 33727651
What are the prime factors of 30277748?
2, 17, 445261
List the prime factors of 91931132.
2, 83, 276901
What are the prime factors of 137755732?
2, 34438933
List the prime factors of 36893002.
2, 83, 222247
What are the prime factors of 499479697?
127, 1549, 2539
List the prime factors of 46100038.
2, 31, 743549
What are the prime factors of 41767691?
7, 17, 350989
What are the prime factors of 432062979?
3, 2467, 58379
What are the prime factors of 1085359662?
2, 3, 17, 31, 12713
List the prime factors of 65214716.
2, 7, 2329097
What are the prime factors of 68139127?
7, 9734161
List the prime factors of 460730152.
2, 57591269
What are the prime factors of 4744048714?
2, 2372024357
List the prime factors of 90354600.
2, 3, 5, 7, 71, 101
List the prime factors of 2883743041.
2883743041
List the prime factors of 518210615.
5, 13, 613267
List the prime factors of 477733713.
3, 23, 6923677
List the prime factors of 2151769651.
47, 45782333
What are the prime factors of 40477215?
3, 5, 2698481
What are the prime factors of 30673162?
2, 13, 90749
What are the prime factors of 1713479576?
2, 23, 9312389
List the prime factors of 672796457.
672796457
What are the prime factors of 16855696?
2, 11, 13, 53, 139
What are the prime factors of 171972083?
171972083
What are the prime factors of 1867305621?
3, 29, 21463283
List the prime factors of 274423399.
9767, 28097
List the prime factors of 22084818.
2, 3, 7, 421, 1249
List the prime factors of 983128.
2, 122891
What are the prime factors of 1699281258?
2, 3, 283213543
List the prime factors of 1787689630.
2, 5, 29, 97, 103, 617
What are the prime factors of 68232342?
2, 3, 251, 45307
What are the prime factors of 4243659867?
3, 17, 919, 30181
What are the prime factors of 1160342452?
2, 1471, 197203
What are the prime factors of 1750394319?
3, 583464773
What are the prime factors of 1582170123?
3, 527390041
List the prime factors of 26911525.
5, 1076461
List the prime factors of 416791907.
7, 17, 241, 14533
What are the prime factors of 320053274?
2, 7691, 20807
List the prime factors of 134908396.
2, 7, 17, 139, 2039
What are the prime factors of 1336971764?
2, 37, 109, 179, 463
List the prime factors of 254132555.
5, 41, 1239671
What are the prime factors of 349020?
2, 3, 5, 7, 277
What are the prime factors of 833311673?
833311673
What are the prime factors of 87443715?
3, 5, 31, 173, 1087
List the prime factors of 33108738.
2, 3, 13, 424471
List the prime factors of 94950136.
2, 53, 223939
List the prime factors of 81872141.
13, 509, 12373
List the prime factors of 615236981.
615236981
What are the prime factors of 4649402830?
2, 5, 464940283
List the prime factors of 243846